ppose -2*i + 0*i - 8*i = 0. Suppose 30*a - 32*a + 756 = i. What are the prime factors of a?
2, 3, 7
Let f = -709 + 728. Suppose -2671 + 334 = -f*c. List the prime factors of c.
3, 41
Let x be (-10)/4*240/100. What are the prime factors of (-4214)/x + (-84)/(-126)?
19, 37
Let c be ((-21)/(-18))/((-1)/(-9))*-14. Let b = 209 + c. Suppose 5*n - 460 = 5*v, 5*n + 5*v = 4*n + b. List the prime factors of n.
3, 29
Suppose -301630 = -20*q - 69870. List the prime factors of q.
2, 2897
Suppose 5*r + 2*p - 15 = 0, 0*p + 25 = -5*p. Suppose 0 = z + 2, r*z = l + 2*l + 20. What are the prime factors of (-5901)/(-140)*4 + 6/l?
2, 3, 7
Let i be (340/25)/(3 - (-146)/(-50)). Let n = i - 57. Suppose 6*t = 7*t - n. What are the prime factors of t?
113
Suppose 5*t + 4*r - 48243 = 0, r = 519*t - 522*t + 28950. What are the prime factors of t?
3, 3217
Suppose 70 = -0*k - 5*k. Let o(x) = x + 26. Let c be o(k). Let a(r) = -r**3 + 11*r**2 + 15*r + 13. What are the prime factors of a(c)?
7
Let h(z) = -z**3 - 63*z**2 - 10*z + 172. What are the prime factors of h(-64)?
2, 3, 409
List the prime factors of 7618 - (-5 + (12 - 8) - 5).
2, 953
Let n(v) = -1. Let j(r) = -3*r**2 - 14*r - 32. Let s(c) = -j(c) + 6*n(c). Suppose -o - 4*x = 2*o + 13, 0 = -3*o - 2*x - 17. What are the prime factors of s(o)?
3, 5
Suppose -100*k = -224*k + 95*k + 1548948. What are the prime factors of k?
2, 3, 4451
Suppose 3*p - 4*p + 528 = -1810. List the prime factors of p.
2, 7, 167
Let n = -4 + -27. Let y = n + 162. Suppose 0 = 3*t + 9, y = 4*i - 3*t - 98. List the prime factors of i.
5, 11
Suppose 1976 = 257*t - 244*t. Let o be (-1 + (-31)/(-3))*-9. Let z = t + o. What are the prime factors of z?
2, 17
Suppose 800 = -23*s + 41. List the prime factors of (0 - s/(-3))*174/(-6).
11, 29
Suppose 1470336 = -7042*z + 7090*z. List the prime factors of z.
2, 7, 547
Let g = 1643 + 2037. Suppose -3*z - t - g = -5*z, -z + 5*t + 1831 = 0. List the prime factors of z.
7, 263
Let p be (-3)/(-15)*2 + (-592)/(-20). Let q = p - 26. Suppose -5*r - 501 = -q*x, 0 = -2*x + r + 2*r + 249. What are the prime factors of x?
3, 43
Let d be 41/(-164) - 6/8. What are the prime factors of d/(-5) + 694320/400?
2, 7, 31
Let v(j) = 10*j**2 + 139*j - 200. List the prime factors of v(-38).
2, 3, 1493
Let b be 3*2/(-6)*-2. Suppose -w = i - b*w - 309, -5*w = i - 291. Let d = i + -136. What are the prime factors of d?
2, 5, 17
Let z(r) = -3211*r**3 - 5*r**2 - 10*r - 2. What are the prime factors of z(-2)?
2, 3, 1427
Let r be ((-2)/(-1))/(1/(-2)) - -2. List the prime factors of (2/(-4))/(r/1824).
2, 3, 19
Suppose -p = -8*p + 4018. Let n be (-4)/(-3)*(4 + -1). Suppose 11*b = n*b + p. What are the prime factors of b?
2, 41
What are the prime factors of (7 - (-1164)/(-5))*(-50)/5?
2, 1129
What are the prime factors of (-58 + -4 + 5)*-1*1172/6?
2, 19, 293
Let k(n) be the third derivative of -n**6/120 - 2*n**5/15 + 7*n**4/24 - 3*n**3/2 - 19*n**2. Suppose -5*x + 9 = -6*x. What are the prime factors of k(x)?
3
Let q(s) = 167*s**2 + 22*s + 48. What are the prime factors of q(-15)?
3, 31, 401
Let q = 20225 + -4974. List the prime factors of q.
101, 151
Let t = 313 + -308. Suppose -4*m = b + b - 1920, -t*b = 3*m - 4793. What are the prime factors of b?
2, 479
Let g = 121 - -258. Suppose -5*j - 3*j + 1880 = 0. Let q = g - j. What are the prime factors of q?
2, 3
Suppose 14*b = 6*b - 8. Let o be b*2/18 - 1218/(-27). What are the prime factors of 236 - (4/6)/((-10)/o)?
239
Suppose -c + 185 = 5*q, -7*q = -8*q - 4*c + 56. Let n(p) = p**3 - 35*p**2 - 32*p + 47. List the prime factors of n(q).
191
Let l(n) = n**3 - 60*n**2 + 58*n - 295. What are the prime factors of l(61)?
2, 1741
Suppose 0 = 3*i - 2*b - 62976, -2*i - 5771 = -b - 47753. List the prime factors of i.
2, 3, 11, 53
Let p(u) = u. Let s(f) = 40 - 2 - 2*f + 5 + 12*f. Let g(h) = -2*p(h) - s(h). What are the prime factors of g(-10)?
7, 11
Let q(y) = 174*y**2 - 60*y - 55. List the prime factors of q(-7).
17, 523
Suppose 6*o + 2*o - 248 = 0. Suppose 11*n - 1131 = 277. Suppose 5*s = -y - o + n, -15 = 3*s. What are the prime factors of y?
2, 61
Let m be -350 + -2 + 6 + -2. Let c = 385 + m. What are the prime factors of c?
37
Let h(s) = -52*s - 154. Let t(d) = 183*d + 540. Let r(g) = 18*h(g) + 5*t(g). List the prime factors of r(-9).
3, 13
What are the prime factors of 5/((-5)/(-2701)) - 30/24*4?
2, 337
Let k(a) = 85*a**2 - 46*a - 4. Let n be k(-4). Suppose 0 = -5*t - 5*f + n, 6*f - 5*f + 622 = 2*t. What are the prime factors of t?
2, 5, 31
Suppose 8*i - 87318 = -f, 17*i - 12*i = 4*f + 54546. What are the prime factors of i?
2, 3, 17, 107
Let c = 156 + -113. Suppose -46*d + c*d = -114. List the prime factors of d.
2, 19
Let k(u) = u**3 + 14*u**2 + 6*u + 15. Let o be k(-11). Let f = o + -182. What are the prime factors of f?
2, 5, 13
Let k(x) = 287*x**2 - x - 7. Let u be k(2). Suppose -4*r + 5*q + 2189 = 0, 0 = 2*r - 3*q - u + 42. List the prime factors of r.
541
Let l(h) = 67*h**3 - 3*h + 2 + 5 - 5. Let z be l(1). Suppose -5*a + 489 = -z. List the prime factors of a.
3, 37
Suppose 0 = -3*v - 53 + 782. Let i(h) = -h**3 - 8*h**2 + 2*h + 2. Let t be i(-9). Suppose -n = 5*d - 743, 5*n + t = 2*d - v. List the prime factors of d.
149
Suppose l - 5*r - 8 = 1, 0 = -5*r - 15. What are the prime factors of 0 + 310 - (-2)/l*9?
307
Let u(p) = -46*p - 39. Suppose 0 = 2*i + w + 92 - 10, 4*i - w = -152. What are the prime factors of u(i)?
3, 5, 13
Let m(g) = -1555*g + 44. Let p be m(-1). Let x = p + -912. What are the prime factors of x?
3, 229
Suppose 4*a - 17478 = p - 3*p, -5*a + 21849 = 2*p. What are the prime factors of a?
3, 31, 47
Let z be -3 + 3 + 2*242 + -3. Let l = 1408 - z. List the prime factors of l.
3, 103
Let y(m) = 6*m - 92. Let j be y(14). Let b(i) = -60*i - 32. What are the prime factors of b(j)?
2, 7
Suppose 4*q - 6*q = -10. Suppose 205 = -o + 2*o + c, 3*o - 575 = q*c. List the prime factors of o.
2, 5
Suppose 1314 = 3*l - 4212. Let g = 2715 - l. List the prime factors of g.
3, 97
Suppose -2*c + 7*c + 365 = 0. Let k = c - -89. Let d = k + 60. List the prime factors of d.
2, 19
Let z = 6617 - 2455. What are the prime factors of z?
2, 2081
Suppose 2*j + 0 + 2 = 2*y, -2*y = -5*j - 8. Let b be y - (-1 - -2 - 3) - 3. List the prime factors of b - -8*(6 - 2).
2, 3, 5
Let u(o) = 2*o**2 + 91*o + 106. List the prime factors of u(-78).
2, 647
Let b(i) = 3*i**2 - 3*i + 3. Let q be b(1). Let a(k) = 5*k - k - 3*k**q + 1 - 2*k**2 + k. What are the prime factors of a(-3)?
7
Suppose -3*v = 21, 5*x + 101053 = 7*x - 5*v. What are the prime factors of x?
53, 953
Suppose -8*o - 56 = -o. What are the prime factors of (1*o/6)/(19/(-570))?
2, 5
Let w = 161 + -156. Suppose w*s = 3*r + 72, 5*s - 2*r - 97 = -29. List the prime factors of s.
2, 3
Suppose -4*l + 5 = -15. Suppose -19 = 4*d - d - 2*z, -57 = l*d + 3*z. List the prime factors of 7/21 - 1626/d.
181
Let c(z) be the third derivative of z**6/120 + 5*z**5/12 + z**4/8 - 8*z**3/3 - 9*z**2 - 3. What are the prime factors of c(-24)?
2, 61
Suppose -126 + 130 = -4*s. Let p = s - -3. Suppose -231 = -p*c - 3. List the prime factors of c.
2, 3, 19
Suppose 4*d - 21 = 23. Suppose 0 = 10*m - d*m + 3*o + 268, 4*m + 5*o - 1038 = 0. List the prime factors of m.
2, 131
Suppose -3*o + 2*w + 59121 = 779, 3*o = -w + 58363. List the prime factors of o.
2, 3, 1621
Suppose 3*j = 12, 4*j + 119039 = 5*w - 100135. Suppose -19*q + w = 27*q. List the prime factors of q.
953
Let b = 23451 - 10142. What are the prime factors of b?
13309
Suppose -2*l = -2*j + 18, 5*j - j - 6 = -2*l. Suppose -h = j*h - 10. What are the prime factors of h*3/(-9)*-18?
2, 3
List the prime factors of (3243/69)/(-3 - (-6501)/2166).
2, 19, 47
Let n(g) = -16*g - 139. Suppose 0 = -36*f - 317 - 367. List the prime factors of n(f).
3, 5, 11
Let f be 195/1 - 224/56. Let v = 614 - f. List the prime factors of v.
3, 47
Let g(m) = m**3 + 27*m**2 - 2*m - 52. Let d be g(-27). Suppose 3*f + 3*i = -45, -4*f - d*i = 3*i + 59. Let x = f + 111. List the prime factors of x.
5, 19
Let n(y) = 6*y**2 + 128*y + 52. Let b be n(-21). Let f(d) = 2*d**2 + 4*d - 1. Let x be f(5). Let u = x + b. What are the prime factors of u?
79
Suppose -5*j + 31 = 4*f, 2*j + 0*f - 5*f + 14 = 0. Suppose 3*q = -5*d + 3891, j*d + q = -0*d + 2337. What are th